e highest common factor of t and 6?
2
Let w = -512 - -498. Let h(z) = 2*z**2 + 27*z - 2. Let k be h(w). What is the highest common divisor of k and 75?
3
Suppose -35 = -4*x + 21. Let v(y) = -6 - x*y**2 - 2 + 2*y**2 - 12*y - 290*y**3 + 287*y**3. Let m be v(-6). What is the highest common divisor of m and 40?
40
Let h be 23127/312 + 36/(-32) + -10. Suppose 0 = -3*j + m + 44, -4 = 3*m - 7*m. Let u = j + -8. Calculate the highest common divisor of h and u.
7
Suppose y = -5*r + 11288 + 2519, -r + 2*y + 2746 = 0. What is the highest common factor of 30 and r?
30
Suppose -f = -0*f - 4, 4*u - 5*f - 480 = 0. What is the greatest common factor of 175 and u?
25
Suppose 9*p - 15*p - 52 + 322 = 0. Let a = -22 + 37. Calculate the highest common divisor of a and p.
15
Let a(w) = -4*w**3 + 3*w**2 - 12*w - 20. Let n be a(-6). Suppose 0*u = -2*u + n. What is the greatest common divisor of u and 16?
16
Suppose -196 = -l - 3*l + g, 3*l = -2*g + 136. Suppose 1257*j - 1261*j - 4*w + 524 = 0, -4*j + 425 = -5*w. Calculate the highest common divisor of l and j.
24
Let u(m) = -m**2 - 8*m + 4. Let q be u(-8). Suppose -b - q = 0, -5*y + 3*b - 38 = -205. What is the greatest common factor of y and 62?
31
Suppose 0 = 3*t - 38 + 14. Suppose -p - t = -16. Calculate the highest common factor of p and 32.
8
Let l = 459 - 204. What is the greatest common divisor of l and 55?
5
Suppose -3*j = 12*y - 14*y - 1112, 3*j + 2*y - 1108 = 0. What is the greatest common divisor of 20 and j?
10
Suppose -18*b + 65600 = -13758 - 42682. Calculate the highest common divisor of b and 180.
60
Suppose -1830 = -x + 4*k, -517*x + 514*x + 2*k + 5540 = 0. Calculate the greatest common factor of x and 74.
74
Let b be (4/6)/(1 + (-28)/36). Let h be (b + 15/(-6))*94. Suppose h*m - 35 = 42*m. Calculate the greatest common divisor of 1 and m.
1
Suppose 103*u - 104*u + 364 = 0. Calculate the highest common factor of 4914 and u.
182
Let p(r) = r**2 - 10*r - 6. Let w be (-2)/(4/10*15/(-36)). Let y be p(w). What is the greatest common factor of 10 and y?
2
Suppose 3*k = 2*x - 1, -x + 5*k + 1528 - 1538 = 0. Suppose -4*m + 20 = -0*m. What is the greatest common divisor of x and m?
5
Let c(f) = -f**3 + 53*f**2 - 111*f + 489. Let r be c(51). Let m = 608 + -218. What is the greatest common factor of m and r?
30
Let v = -7061 + 7154. What is the highest common divisor of 3193 and v?
31
Suppose 0*o - 3499 + 3651 = 2*o. Let u be 365/4 + (-2)/8. Let v = u - o. What is the greatest common divisor of 75 and v?
15
Let d = -81 - -101. Let y be 2 + 146/8 + 4/(-16). Suppose -y*u + 28*u = 800. What is the greatest common factor of u and d?
20
Suppose -3*o - o + 148 = 0. Suppose -4*d = -107*d + 7237 + 385. Calculate the greatest common factor of d and o.
37
Suppose 0 = -3*w + 41 - 17. Let y(i) = 2*i - 8. Let k be y(w). Calculate the highest common divisor of k and 8.
8
Suppose 12555 = 3387*z - 3378*z. Calculate the greatest common divisor of 225 and z.
45
Let c(h) = 10*h - 13. Let i be c(2). Suppose 2 - 30 = -i*z. What is the greatest common factor of z and 6?
2
Suppose g - 1 = -4, 4*r + 837 = 5*g. Let n = r + 219. Calculate the greatest common factor of n and 4.
2
Suppose -2*s + 364*j - 362*j = -36, -3*j = -4*s + 68. What is the highest common divisor of s and 9814?
14
Let a(m) = -14*m**3 - 9*m**2 + 36*m + 243. Let c be a(-9). Calculate the highest common factor of c and 116.
116
Let b = -339 - 255. Let z be (-1)/(-7) - b/7. Calculate the highest common divisor of 17 and z.
17
Let o = 36 - 36. Suppose -j - 4*j + 40 = o. Calculate the highest common divisor of 72 and j.
8
Suppose 0 = -0*w - 3*w + 51. Let f(t) = t**2 - 19*t + 28. Let m be f(w). Let v be 7/((-63)/6) + (-124)/m. Calculate the highest common divisor of v and 60.
20
Suppose 3*z + 65 = 2*p, -3*p - z = -3*z - 100. Suppose -5*d + r + 75 = -4*r, r - 36 = -2*d. Calculate the greatest common divisor of p and d.
17
Let b be (1560/650)/(1/20). Suppose -3*m = -2*m - 24. Calculate the greatest common divisor of m and b.
24
Suppose 15*v - 9*x = 13*v + 116, -v + 3*x + 52 = 0. Let a(c) = 11*c - 3. Let w be a(3). Calculate the highest common divisor of w and v.
10
Suppose 5*m - 8175 = -3*q, 5829 + 748 = 4*m - 5*q. Calculate the highest common factor of m and 6084.
234
Let q be (-2344)/(-48) - (3/(-18) + 1). What is the highest common divisor of q and 111?
3
Let i = 0 + 9. Let q be i*(-5)/25*-5. Let h be (-1165)/(-15) - 6/q. Calculate the highest common factor of 7 and h.
7
Let u(f) = -25*f + 118. Let z(b) = 24*b - 116. Let v(a) = 3*u(a) + 4*z(a). Let j be v(6). Calculate the highest common divisor of j and 40.
8
Let i be -11 - (-9 + (-6 - 0)). What is the greatest common factor of 1028 and i?
4
Suppose -331 = -8*k + 4*k + 3*l, 4*k - 326 = -2*l. Suppose -117 = -c + 3*z, -z + 2 = -0. Calculate the highest common divisor of k and c.
41
Let t(g) = -3*g - 6. Suppose 0*n = 3*m - n + 20, 2*m = 5*n - 35. Let q be t(m). Calculate the greatest common divisor of 243 and q.
9
Suppose -2*b - 2*g = -27 - 11, -3 = -2*b + 5*g. Let n = 7073 + -3707. Let a be n/16 - 9/24. What is the greatest common divisor of a and b?
14
Let u(a) = -9*a - 424. Let q be u(-60). Calculate the greatest common divisor of 6148 and q.
116
Suppose -o = 2*j, 3*j + j + 12 = -5*o. Let w(y) = -22*y - 79. Let h be w(-4). Calculate the highest common divisor of j and h.
1
Suppose -2*a - 232 = -2*j, -3*a = 3*j + j + 369. Let g be 3 - ((-5)/25 + a/5). Suppose -4 = -g*z + 23*z. What is the greatest common factor of 12 and z?
1
Let x = -3374 - -3414. Calculate the greatest common divisor of 1480 and x.
40
Let c(t) = -t**2 - 18*t + 2. Let p be c(-19). Let l = p + 19. What is the greatest common factor of 14 and l?
2
Suppose 5*j - 5*y = 35, -j - 2 - 9 = 5*y. Let t = -52033 - -52066. Calculate the greatest common divisor of t and j.
1
Let f = -109 + 120. Let w be ((-5)/(4 + 1))/(-1). Suppose -w = 5*q - f. Calculate the highest common factor of q and 1.
1
Let f(x) = -29*x - 27. Let z be f(21). Let w = -510 - z. What is the greatest common divisor of 56 and w?
14
Let y(t) = -4*t + 125. Let v = 56 - 25. Let p be y(v). Calculate the highest common factor of p and 4.
1
Let y = -2 + 6. Suppose y*q - 11 = 1. What is the greatest common divisor of 2 and q?
1
Suppose -77*t + 960 = -65*t. Let h(a) = -8*a - 16. Let p be h(-6). Calculate the highest common divisor of p and t.
16
Let v be 6 + (546 - (3 + -7 + 4)). Suppose -2*l - 3*t = -7*l + v, l - 2*t - 116 = 0. What is the greatest common factor of l and 12?
12
Let u(t) = t**3 - 19*t**2 + 32*t + 26. Let i be u(17). Let z be i/(-60) + (-7014)/(-45). Let o = 46 + 6. What is the greatest common factor of o and z?
52
Let m(r) = 23*r**2 - 281*r - 3745. Let t be m(-14). Calculate the highest common divisor of 77 and t.
77
Let p = 806 + -805. Let a(k) = -k + 17. Let r be a(p). Let o(x) = x**3 - 6*x**2 + 9*x - 6. Let n be o(6). What is the highest common factor of n and r?
16
Let p = 16281 - 16168. Suppose w = -0*w + t, 0 = 3*w + 5*t - 8. Calculate the greatest common divisor of w and p.
1
Suppose -251*z + 4717089 = 126*z + 76*z. What is the highest common divisor of z and 234?
117
Suppose 3 = 3*r, -3 = -5*h - 7*r + 9*r. Calculate the highest common divisor of 42 and h.
1
Suppose -p + 4*a + 605 = 0, 3044 = -2*p + 7*p - a. What is the greatest common divisor of 63 and p?
21
Suppose 4*k - 33 = -97. Suppose 88 + 89 = 3*o. Let y = o - k. What is the greatest common factor of y and 30?
15
Let x be 2/14 + (-2345)/(-49). Let s be (-15)/(-12) + 11460/x. Suppose 110 = 2*q + 5*v, 3*q + 2*v = -0*q + 176. Calculate the highest common divisor of s and q.
60
Suppose -4*t + 90*c = 95*c - 52575, -13155 = -t + c. What is the highest common divisor of t and 25?
25
Let d be -8 + 2 + (0 + 5 - 2) + 17319. What is the greatest common divisor of 39 and d?
39
Let g(d) be the second derivative of d**5/20 - 11*d**4/12 - d**3/6 - 37*d**2/2 + 7*d - 2. Let o be g(13). Calculate the highest common factor of 18 and o.
18
Let i = -553 - -750. Let m = i + 928. Calculate the greatest common factor of m and 45.
45
Suppose 3*l - 58 + 19 - 30 = 0. Calculate the greatest common divisor of 82 and l.
1
Let t(o) = 1. Let i(w) = w**2 - 8*w + 11. Let c(b) = i(b) + 4*t(b). Let j be c(6). Calculate the greatest common divisor of j and 3.